culate i(t).
3
Let p(r) = -r**3 + 5*r**2 + 6*r + 7. Let b(t) = 1. Let l(s) = -s**2 - 7*s - 1. Let c(k) = -5*b(k) + l(k). Let i be c(-4). Calculate p(i).
7
Let l = -6 - -2. Let k(w) = -7*w**3 + 6*w**2 + w + 3. Let u(q) = -18*q**3 + 13*q**2 + q + 5. Let a(f) = -5*k(f) + 2*u(f). What is a(l)?
7
Suppose 0 = f + 4*f. Suppose 0 = 2*l + 3*p - 6, p + f*p - 9 = -3*l. Let o be 44/(-8) + l/(-6). Let d(y) = y**2 + 4*y - 8. Determine d(o).
4
Let c(s) = -5*s**2 + 104*s**3 + 9 + 104*s**3 - 207*s**3 - 9*s. Suppose h - 5*j = -2 - 7, -9 = -h - j. Give c(h).
-9
Suppose 5*k - 28 = -18. Let p(r) be the first derivative of -1/3*r**3 - 2 + 2*r - r**k. What is p(-4)?
-6
Let v(s) = 6*s - 2. Let y be v(1). Suppose 0 = 3*g - 0*g, -y*g - 5 = 5*o. Let m(l) be the third derivative of -l**5/20 - l**4/12 - l**3/6 - l**2. Give m(o).
-2
Let k(w) = 14 + 11*w + 4*w - 5*w**2 + 5*w**2 - 2*w**2. Let s be k(8). Let z(l) = 3*l - 6. Determine z(s).
12
Let l = -37 + 39. Let p(z) = 3*z**l - 2*z**3 + z**3 + 7*z + 5*z**2 + 17. Let n be p(9). Let i(s) = 7*s**3 + s + 1. Calculate i(n).
-7
Let v = 21 - 17. Suppose -2*h = 5*r + 8 + 12, -h - r - v = 0. Let z(a) = -81 + 74 - a**2 - 9*a + h*a**2. Determine z(-7).
7
Let w(o) be the first derivative of -3/2*o**2 + 6*o - 12. What is w(4)?
-6
Let w(x) = -9*x**3 + 1. Let i(c) = 2*c**3 - c**2 + 2*c + 4. Let h be i(0). Suppose 3*d - 4*z - 3 = h, 4*d = -4*z. Calculate w(d).
-8
Suppose -5*d + 12 = -8. Suppose -5*a + 2*l + d = 1, a - 2 = -l. Let k(j) = -7*j + 1. Let t be k(a). Let w(r) = -r - 4. Give w(t).
2
Let t(w) = w**3 + 2*w**2 + 2*w + 1. Let x be 286/(-5) + (-6)/(-30). Let q = 56 + x. Calculate t(q).
0
Suppose 0 = 3*c + 2 + 28. Let h = c - -30. Suppose 6*o - o + 2*w - 8 = 0, 3*o + 5*w = h. Let q(p) = -p**3 - p + 9. Calculate q(o).
9
Suppose 649*r - 654*r + 15 = 0. Let b(o) be the first derivative of -1/3*o**r + 3*o**2 + 2 - 7*o. Determine b(6).
-7
Let s(a) = -5*a - 3. Suppose 3*w = 5*p - 0*w + 170, -3*p = 3*w + 78. Let u = -33 - p. Give s(u).
7
Let k(y) be the third derivative of -y**5/30 - 7*y**4/24 - 2*y**3/3 + 40*y**2 - 2. Give k(-4).
-8
Let w(i) be the third derivative of 23*i**2 + 0 + 1/4*i**4 - 1/60*i**5 + 2/3*i**3 + 0*i. Determine w(7).
-3
Let n(v) = v**3 + 3*v**2 - 4. Let t be n(-2). Let k(j) be the third derivative of 1/120*j**6 - 7*j**2 + 7/60*j**5 + 0*j + j**3 + 7/24*j**4 + t. Determine k(-6).
0
Let b = -150 - -151. Let r(x) = -19*x**2 + 1. Calculate r(b).
-18
Let v(x) be the first derivative of x**4/3 - x**2/2 - 5*x + 55. Let t(q) be the first derivative of v(q). Calculate t(-2).
15
Let a(h) = -h**3 - 8*h**2 - 6*h + 2. Let c(t) = -14*t + 35. Let i be c(3). Determine a(i).
-5
Let t(h) = 17*h**2 + 2*h + 14*h**2 + h**3 - 26*h**2 + 3*h. Let l(m) = m**3 - 2*m**2 + 3*m - 2. Let o be l(2). Let c = -8 + o. Give t(c).
-4
Let u(r) = 2*r + 3. Let f(l) = l**3 - l**2 + 4*l + 1. Let p be f(2). Calculate u(p).
29
Suppose 0 = 5*o + 4*v - 1, -4*o - 2*v - 2 - 2 = 0. Let x(d) be the third derivative of d**4/24 + d**3/6 - 2*d**2. Determine x(o).
-2
Let p(c) be the second derivative of c**5/20 - 2*c**4/3 - 7*c**3/6 - 11*c**2/2 - 162*c. Determine p(9).
7
Suppose -1 = g - 5*i, 11 + 9 = 2*g + i. Let y(x) be the third derivative of x**5/60 - 5*x**4/12 + 2*x**3 - 14*x**2. What is y(g)?
3
Let r(t) = t**3 - 16*t**2 + 14*t + 10. Suppose -s + 3 = 3*v, s + 2*s - 53 = 2*v. Calculate r(s).
-5
Let n(d) be the second derivative of d**5/20 + 5*d**4/12 + d**3/2 + 309*d. Calculate n(-3).
9
Suppose -2*q = -4*k + 14, -k + 3*q + 5 = -3*k. Let j(s) = -k - 13*s - 14*s + 5 + 18*s. Determine j(2).
-15
Let a(i) be the third derivative of i**5/40 - i**4/6 + i**3/3 - i**2. Let j(c) be the first derivative of a(c). Let o = 116 - 119. What is j(o)?
-13
Let d(t) = -4*t - 6. Let u be d(-9). Suppose 5*s + 0*s - u = 0. Suppose 2 = -2*v - s. Let p(c) = c. Calculate p(v).
-4
Suppose 4*w - 3*w - 12 = 2*h, 3*h + 15 = 0. Let k(u) = 6*u**2 + 3*u - 2*u + 2 - 5*u**w. Let l(o) = o**2 + 5*o + 1. Let i be l(-4). Give k(i).
8
Let p be 0 - 11/(44/(-8)). Let q(g) = -5*g**3 + 3*g**2 - 2*g + 3. What is q(p)?
-29
Suppose 0 = 5*a + 13 - 83. Let h(l) = -8*l + a*l + 2 - 7*l + 0. Let b(n) = n**3 + 11*n**2 - n - 5. Let x be b(-11). Determine h(x).
-4
Let y(n) = 0*n**2 + 1 - n**2 + n - 1322*n**3 + 1321*n**3. Determine y(-2).
3
Let m(a) be the third derivative of a**6/360 - a**5/120 - 3*a**3 - 28*a**2. Let s(x) be the first derivative of m(x). What is s(0)?
0
Let o(j) be the first derivative of j**6/120 + 2*j**5/15 - j**4/24 - 5*j**3/6 + 19*j**2/2 + 17. Let g(m) be the second derivative of o(m). What is g(-8)?
3
Let q(j) be the second derivative of -3/2*j**2 - 3*j + 1/6*j**3 - 1/20*j**5 + 0*j**4 + 0. What is q(0)?
-3
Let r(k) = -k**3 + 22*k**2 + 2. Let h be r(22). Let q(s) be the first derivative of -5*s**3/3 + s**2 + 2. Give q(h).
-16
Let y be (-2)/(-2) - (5 - 6). Let m be (11 + 1)*y/6. Let c(d) be the second derivative of d**5/20 - d**4/4 - d**3 + 3*d**2 + 2*d. Determine c(m).
-2
Let t(d) = -2*d**2 + 6*d - 10. Let v be t(7). Let m be (v/77)/((-6)/28). Let y(p) = 5 + 4*p + 5*p - p - m*p + p**2. What is y(-4)?
5
Let n(k) = 20*k**2 - 2*k - 12. Let h(d) = 7*d**2 - d - 4. Let c(j) = -17*h(j) + 6*n(j). Let b(a) = 2*a**3 + 38*a**2 + 4*a + 70. Let t be b(-19). Determine c(t).
2
Let m(h) be the third derivative of -h**4/24 - 5*h**3/2 - 19*h**2 - 2. What is m(-9)?
-6
Let x be ((-27)/(-81))/(4/(-132)). Let k(a) = a**3 + 10*a**2 - 10*a + 12. What is k(x)?
1
Let x(k) be the third derivative of -k**5/60 - 5*k**4/24 + 17*k**3/6 - 2*k**2. Determine x(-7).
3
Let c(k) be the second derivative of k**4/12 - 4*k**3/3 + 10*k**2 + 240*k. What is c(5)?
5
Let m(y) = y**2 + 7*y - 8. Let k be m(-8). Let f(s) = -s**3 + s**2 - 38. Determine f(k).
-38
Let m(c) = -9*c + 56. Let t be m(6). Let d(n) be the first derivative of -4*n**t - 2*n**3 - 6*n - 1/4*n**4 + 3. Determine d(-5).
9
Let d(p) = -p + 1 - 2 - 3 + 1. Let i be d(3). Let m = i + 9. Let x(v) = 2*v. What is x(m)?
6
Suppose -360 = 89*y - 134*y. Let p(r) = -3*r + 13. Calculate p(y).
-11
Let h be 30/9*-12*7/(-56). Let d(a) = a**2 - 4*a + 3. Calculate d(h).
8
Let q(a) = -a**2 - 4. Let b(f) = -f**3 - 1. Let j(g) = 5*g**3 + 9*g**2 - 9*g + 14. Let d(y) = 6*b(y) + j(y). Let m be d(8). Calculate q(m).
-4
Let b(r) = -r**3 - 6*r**2 + 15*r + 4. Let y be b(2). Let t(g) = -18*g + 2. Calculate t(y).
-34
Let q(a) = 5*a - 2. Let k be 1*(-7)/(21/12). Let z(h) = -7*h. Let p(n) = n. Let x(i) = 6*p(i) + z(i). Let r(c) = k*x(c) - q(c). Give r(-5).
7
Suppose -248 = -5*i - 253. Let u(k) = 2 - 2 - 1 - k. Give u(i).
0
Let k(n) = -n**3 + 2*n**2 + n + 1. Let f be k(2). Let v(m) = -1 + 3 - 1 - f*m - 5. Determine v(4).
-16
Let g(m) = -m**2 + 26 + 33*m - 6*m + m**2 - m**2 - 15*m. Give g(14).
-2
Let r(n) = -5 - 10 + 6*n + 0 - 13 + 3. Determine r(5).
5
Let p(j) = 0*j - 17 + 34 + j - 7. Let m be p(-3). Let a(n) = -n**3 + 8*n**2 - 8*n + 1. What is a(m)?
-6
Let t(x) be the third derivative of x**4/24 - 13*x**3/6 - 50*x**2. Let k = -27 - -34. What is t(k)?
-6
Suppose u - 2 = -u - 5*k, -k = 2*u - 2. Let n(x) = u - 2 + x**2 + 6*x - 5*x - 1. Give n(3).
10
Let b = 15 + -9. Let n(t) = -3*t - 5. Let r be n(-4). Let w(f) = -3 - 2 - 32*f**2 + r*f + 31*f**2. What is w(b)?
1
Let n(s) = -278 + 40 + 2*s + 94 + 91. Determine n(0).
-53
Let q(g) = -g - 10. Let v be q(4). Let j = 14 + v. Let c(o) = o**2 + o + 5. Calculate c(j).
5
Let f(g) = -19*g**2 + 2*g - 3. Let a be (-4 + 22/4)*(-16)/3. Let o(j) = -28*j**2 + 3*j - 5. Let s(k) = a*f(k) + 5*o(k). Calculate s(-1).
12
Let p be (-1)/(-3) - 1/3. Let o(l) be the second derivative of 2/3*l**3 + 1/2*l**2 + 1/12*l**4 - l + p. Calculate o(-4).
1
Let b(n) be the third derivative of 0*n**4 + 0 - 1/12*n**5 - 5*n**2 + 0*n + 1/120*n**6 - 5/6*n**3. What is b(5)?
-5
Let z = -22 + 7. Let l be 1/((z/(-100))/((-12)/(-10))). Let c(r) = r**2 - 7*r - 8. Determine c(l).
0
Let l be (-2 - -2) + (-3 - 0). Let u(m) = m**3 - m**2 - 1. Let c(g) = 1 + 44*g**3 - 48*g**3 + 8*g**2 + 4 - g. Let a(x) = -c(x) - 5*u(x). What is a(l)?
-3
Let u(b) = -b**3 + 10*b**2 + 9*b + 23. Let h be u(11). Let q(l) = l**2 + 1. Let g(t) = -5*t**2 + 9. Let w(f) = h*g(f) + 4*q(f). Give w(0).
13
Let t(r) = -r**3 + 4*r**2 + 3*r. Let a be (1 + (-1)/(-7))/(40/140). What is t(a)?
12
Let i be (21/(-3) + 3)/(12/(-9)). Let t(r) = -i + 3 + 0*r -